 digit of 1011/18 + (-9)/54?
6
Let k be 15/3 - (1 - -1). Suppose 8 - k = u. What is the units digit of u?
5
What is the tens digit of (-1925)/(-49) - 4/14?
3
What is the units digit of 15 - (9/(-3) - -6)?
2
Suppose 2*g - 24 = -3*s, 3*g + 2*g + 16 = 2*s. Let a be -8*1/(-6)*-3. Let i = s + a. What is the units digit of i?
4
Let j(s) be the third derivative of -s**4/12 - 7*s**3/6 + 4*s**2. What is the units digit of j(-6)?
5
Suppose 3*l - 2*u = 154, -l - 4*u + 13 = -15. What is the units digit of l?
8
Suppose 4*u - 2*t - 256 = 0, 5*u = 3*t - 2*t + 317. What is the tens digit of u?
6
Suppose -3*z - 2*v + 20 = 3*v, 0 = -z - 4*v + 16. Suppose z = -4*u - u. Suppose u = s - 11 - 0. What is the units digit of s?
1
Let u = 167 + -92. What is the tens digit of u?
7
Let x(c) = -60*c - 1. Let s(i) = -i**2 - 6*i - 1. Let m be s(-6). Let v be x(m). Suppose -5*g - 3*h = -v, -h - 2 = -0*h. What is the units digit of g?
3
Let a = 419 - 265. What is the hundreds digit of a?
1
Let r(n) = -3*n**2. Let s be r(-1). Let k be -2 + 1 - (s - -1). Let i(a) = 9*a**2 + a. What is the units digit of i(k)?
0
Let t(k) = 7*k + 3. What is the tens digit of t(1)?
1
Suppose 0 = 5*i + 9 + 21. What is the units digit of 3/2*(-16)/i?
4
Suppose -q - 2*q + 30 = 0. Let m = 10 - q. Suppose -s - 3*s + 32 = m. What is the units digit of s?
8
Suppose -5*t + 4*p = -0*p - 59, 30 = 3*t + 3*p. What is the tens digit of t?
1
Let z(r) = 17*r - 67. What is the tens digit of z(20)?
7
Let o(i) = 3*i - 2. Let a be o(2). Suppose 2*c - 6 = -a*q, -c + 4*q = 10 + 11. What is the units digit of (16/10)/((-1)/c)?
8
Let r(c) = -2*c + c**2 + 4 - 5 - 3*c. Let f be r(6). Suppose 14 + 6 = f*k. What is the units digit of k?
4
Suppose 3*c = -8 - 1, c = 2*h - 15. What is the units digit of h?
6
Suppose a - 5*a = 32. Let j = a + 48. What is the units digit of j?
0
Suppose -1388 = -4*v - 0*v. Let y be v/(-5) + (-6)/(-15). What is the units digit of 2/12 - y/18?
4
Let f be 30/25*(3 - -2). Suppose -f*h + 69 = -3*h. What is the units digit of h?
3
Let f(r) = -2*r**3 - 39*r**2 - 29*r - 13. What is the hundreds digit of f(-19)?
1
Suppose -2*h + 159 = s, -h - 4*s + 69 = -0*h. What is the tens digit of h?
8
Let z(x) = -x**2 + 11*x - 8. Let d be z(10). What is the units digit of 13 + (2 - 6/d)?
2
Let c be 4/10 + (-1386)/(-35). Let g = -21 + c. What is the tens digit of g?
1
Let r = 38 - 13. What is the units digit of r?
5
Let w = 781 + -520. What is the units digit of w?
1
Suppose -b + 50 = -6*b. What is the tens digit of 1 - -1 - 1 - b?
1
Let i(a) = a**2 + 3*a - 3. Suppose 4*k + 8 = -4. Let c be i(k). What is the tens digit of -30*c/18*2?
1
Let l be (-36)/8*(2 + 0). Let a = 9 - l. What is the units digit of a?
8
Suppose 0 = 3*z - 3 + 24. Let d be (z + 5)/(2*1). What is the units digit of 14*(1 - d/(-2))?
7
Suppose 0 = -u - h + 16, -h = -4*h + 12. Suppose 0 = l - 8 - u. What is the units digit of l?
0
Suppose -3*m + x + 17 = -0*x, 0 = -4*m - 4*x + 28. Suppose -2*w + m*w = 40. What is the tens digit of w?
1
Suppose 0 = 3*k + 2*k - 175. What is the tens digit of k?
3
Suppose 125 = 2*t - 155. What is the hundreds digit of t?
1
Suppose 5*b - 302 = -87. What is the tens digit of b?
4
Suppose 58 = 3*y + 4*x, -4*y + 70 = -0*x - 2*x. What is the tens digit of y?
1
Let v = 45 - 29. What is the units digit of v?
6
Let j = -86 - -46. Let b = 59 + j. What is the tens digit of b?
1
Let s = -641 - -375. What is the tens digit of s/(-18) - 4/(-18)?
1
Let m(h) = h**3 - 6*h**2 + 8*h - 7. Let c be m(5). Let j(g) = g + 2. What is the tens digit of j(c)?
1
Suppose -4*y + 23 + 285 = 0. What is the tens digit of y?
7
Suppose 0*t - t + 18 = 3*g, -68 = -2*t + 2*g. What is the tens digit of t?
3
Let q(z) = -z - 7. Let u be q(-8). What is the units digit of -6*((-5)/2 + u)?
9
Suppose -2662 = -30*l + 19*l. What is the units digit of l?
2
Let u be 11/(-44) + (-61)/(-4). Let x = 5 - 3. What is the units digit of x/((u/6)/5)?
4
What is the tens digit of (8/14)/(-1) + 1923/21?
9
Suppose 0*h = -4*h - 72. Let d be h/81 + 47/9. Suppose -d*c - 26 = -q, 0 = 4*q - q + 4*c - 2. What is the units digit of q?
6
Let b = 17 + 1. What is the units digit of b?
8
What is the units digit of 94 - (-3 - 6)/(-3)?
1
Let t(f) = f**3. Let b be t(1). Let c(h) = 13*h**2 - 2*h + 1. What is the tens digit of c(b)?
1
Let p = 4 - 0. Suppose y - p*a + 2 = -y, 0 = 2*y + a + 17. Let n = y + 15. What is the units digit of n?
8
Let l be 7 - (-2)/4*-2. Let u = 8 - l. What is the units digit of u?
2
Let u be 0 + -1 + -1 + -50. What is the units digit of 6/27 - u/9?
6
Let s(r) = -83*r + 20. What is the tens digit of s(-2)?
8
Let g(q) = 7*q + 7. What is the units digit of g(8)?
3
Let d = 853 + -482. What is the hundreds digit of d?
3
Let k(n) = -n**2 - 7*n - 4. Let i = -7 + 1. Let f be k(i). Suppose -f*m = -2 - 10. What is the units digit of m?
6
Let m be 14/3 + (-3)/(-9). Suppose -l - 3*g + 3 = -m, -5*l + 40 = -g. What is the units digit of l?
8
What is the tens digit of (-2)/(-3) + 3/((-63)/(-448))?
2
Suppose g = 2*g - 2*x - 238, -6 = -3*x. What is the units digit of g?
2
Let a(u) = -u**3 + 4*u**2 - 2*u + 3. Let h be a(4). Let q = 4 + h. What is the units digit of 2*(-3)/(-6) - q?
2
Suppose 3*q + 3*j + 5 = 26, -2*q = -5*j + 7. Let k be 2/(-5) + q/10. Suppose -4 = 2*p - 3*p, k = -u + 3*p - 6. What is the units digit of u?
6
Suppose 3*g = -g + 264. What is the units digit of g?
6
Let k be (1/(-3)*0)/(-2). Suppose 3*p - 5 = 5*x, -2*p + 2*x - x + 8 = k. Suppose 2 = -a, -24 - 16 = -2*h + p*a. What is the units digit of h?
5
Let k(c) = c + 5. Let j be k(0). Let o(m) = -j - 2*m**3 + m**2 - m + m**3 + 17. What is the tens digit of o(0)?
1
What is the tens digit of -11*-1*1*(-6 + 8)?
2
Suppose 4*a - 3*a = -5*i + 240, -445 = -2*a - 3*i. What is the units digit of (a/5)/(3/3)?
3
Let v(a) = 10*a - 10. What is the units digit of v(3)?
0
Suppose -3*v = -15 - 0. Let p = -4 + v. Let f(r) = r + 1. What is the units digit of f(p)?
2
Let g(a) = -19*a + 2. What is the tens digit of g(-3)?
5
Let u(b) be the first derivative of b**3/3 + b**2 + 3*b - 5. Let x(s) = s**3 + 2*s**2 - 3*s - 3. Let l be x(-3). What is the units digit of u(l)?
6
Let z(x) = x**3 + x**2 - 5*x + 3. Let p be z(-4). Suppose 3*j - 8*j + 15 = 0. What is the units digit of (-5)/(p/j)*15?
9
Suppose 0*g + 20 = 5*g. Suppose -5*s = -g*s. Suppose s*x = x - 6. What is the units digit of x?
6
Suppose 2*p = -300 + 488. What is the tens digit of p?
9
Let r be (-6)/(2*(-1)/(-2)). What is the units digit of r/(-15) + 43/5?
9
Let m be 4/(-6) + 60/9. Let z = m + -3. Suppose -p + 0 = -2*i - 5, -33 = -3*p - z*i. What is the units digit of p?
9
Let x = -13 - -37. Let u = x + -13. What is the units digit of u?
1
Let f = -946 - -1324. What is the tens digit of f?
7
Let g be (-24)/(-4)*(-2)/(-3). What is the tens digit of (-2)/(-8) + 39/g?
1
Let v = 10 - 8. Let j = v - -3. What is the units digit of j?
5
Suppose -4*m + 103 + 687 = 2*k, 2*m - 2*k = 410. What is the hundreds digit of m?
2
Let c(g) = -7*g**2 - 5*g**2 + 0*g**2 - 7 - g**2 - 14*g - g**3. Let f(k) = 13*k + 1. Let s be f(-1). What is the units digit of c(s)?
7
Let b(a) = a**3 + 12. Let l be b(0). Suppose z = -0*z + l. What is the units digit of z?
2
Let o(y) = -5*y**3 + 10*y**2 + 4*y + 4. Let j(h) = -h**3 + h**2 + h - 1. Let s(g) = -4*j(g) + o(g). What is the units digit of s(6)?
8
Let v = -10 + 22. Suppose -5*w - v = -8*w. What is the units digit of w?
4
Let y(a) = -a**3 - 2*a**2 + 3. Let s be y(-3). What is the units digit of s - (0 - 2/1)?
4
What is the units digit of (-2)/11 - (248/88 + -8)?
5
Let g(r) = 2*r - 48. Let v be g(21). Let j(i) = -11*i - 3. Let y(s) = -5*s - 1. Let t(p) = -3*j(p) + 7*y(p). What is the tens digit of t(v)?
1
Suppose 0*w - 5*w - 5 = 0. Let m = -1 + w. Let f = m + 10. What is the units digit of f?
8
Suppose 120 = -11*f + 14*f. What is the tens digit of f?
4
Let d(n) be the third derivative of -1/3*n**3 + 1/24*n**4 + 0 - n**2 - 1/60*n**5 - 1/120*n**6 + 0*n. What is the units digit of d(-3)?
3
Let s = 8 + -8. Suppose s*k = -4*k + 40. What is the tens digit of k?
1
Suppose 4*y - y - 21 = 0. Let d = y + -4. What is the units digit of d - 4 - (-2 + -1)?
2
Let p(k) = 3*k + 74. What is the units digit of p(0)?
4
Let q be (-886)/(-17) - 8/68. Let r = 90 - q. What is the units